s 595311659 a prime number?
False
Is 1385711007 a prime number?
False
Is 360430691 prime?
False
Is 13473487 composite?
True
Is 695062843 composite?
True
Is 4113084823 prime?
False
Is 6498697409 a composite number?
False
Is 688256731 prime?
True
Is 9621760703 a prime number?
True
Is 2625593897 a prime number?
True
Is 404966229557 composite?
False
Is 40122147017 a prime number?
False
Is 6380688763 prime?
True
Is 252039023 a composite number?
True
Is 1772145353 a composite number?
True
Is 1879510013 a composite number?
False
Is 6592057673 a composite number?
False
Is 5479735283 a prime number?
False
Is 70743908717 a composite number?
True
Is 4127845781 a composite number?
True
Is 7324338121 composite?
False
Is 4194609997 a composite number?
False
Is 422295682 a prime number?
False
Is 1283418457 a prime number?
False
Is 15383131697 composite?
False
Is 1665247249 prime?
True
Is 522175867 a composite number?
True
Is 8278255169 a composite number?
False
Is 27095456557 composite?
True
Is 1583941511 composite?
False
Is 7039628713 a composite number?
True
Is 873297245 a prime number?
False
Is 19461746701 composite?
True
Is 22037483839 a composite number?
True
Is 71610307061 a composite number?
False
Is 2067620957 a composite number?
True
Is 9641260621 prime?
True
Is 10335077083 a composite number?
True
Is 61904616181 a prime number?
True
Is 643476199 a prime number?
True
Is 151109414 a prime number?
False
Is 1766386351 composite?
True
Is 23310743 a prime number?
True
Is 16722158941 a prime number?
True
Is 1837633591 a prime number?
False
Is 14824721077 prime?
False
Is 2001397631 prime?
False
Is 55477111303 a prime number?
True
Is 5100317249 a prime number?
True
Is 30600629359 a prime number?
True
Is 117096571 a composite number?
True
Is 28033425889 prime?
False
Is 10263857845 prime?
False
Is 1380802123 prime?
True
Is 619626797 composite?
True
Is 3514106195 prime?
False
Is 41538973451 a composite number?
False
Is 200042764381 prime?
False
Is 34790799367 a prime number?
False
Is 266555295067 a prime number?
True
Is 65658341321 prime?
False
Is 14481556361 composite?
False
Is 14671036477 a prime number?
False
Is 27098667463 prime?
False
Is 27101606453 composite?
False
Is 1876351877 a composite number?
False
Is 24529377287 a composite number?
False
Is 12349760051 a composite number?
False
Is 46461573667 a composite number?
False
Is 44641214623 prime?
True
Is 9504031081 composite?
False
Is 7492498873 prime?
False
Is 166820341 composite?
False
Is 56129807 composite?
True
Is 746175697 prime?
False
Is 66897416527 composite?
False
Is 2470767191 prime?
False
Is 13430904793 a prime number?
True
Is 40404071 prime?
False
Is 6634825181 composite?
True
Is 114723979 composite?
False
Is 2222649197 a prime number?
True
Is 34174643585 a prime number?
False
Is 31351059119 a prime number?
True
Is 12290846119 composite?
False
Is 5665999093 a prime number?
True
Is 14762876647 composite?
False
Is 5541083923 a composite number?
False
Is 1118686301 a composite number?
True
Is 27645776341 a prime number?
True
Is 1843730363 a prime number?
False
Is 1289302807 a composite number?
True
Is 65305727941 a composite number?
False
Is 7473728677 a prime number?
True
Is 21161691687 a prime number?
False
Is 53080615219 prime?
False
Is 3149388721 a composite number?
False
Is 45277330957 composite?
True
Is 22377109 a prime number?
True
Is 1017722789 prime?
True
Is 30555691561 a composite number?
True
Is 2261690369 prime?
True
Is 2793273829 a prime number?
True
Is 15513439 a prime number?
True
Is 181993271 composite?
True
Is 6184046969 composite?
False
Is 447426071 composite?
True
Is 74998450193 a prime number?
True
Is 889047689 composite?
False
Is 887621573 a prime number?
True
Is 67879466777 a composite number?
False
Is 98604041 a prime number?
False
Is 2390592973 composite?
False
Is 10572022711 a prime number?
True
Is 2159340523 a composite number?
False
Is 123045267287 a composite number?
True
Is 9429909901 prime?
False
Is 352813579 a composite number?
True
Is 168125345831 prime?
False
Is 31190290283 composite?
False
Is 3371019181 a prime number?
True
Is 12183619057 prime?
True
Is 178808602191 prime?
False
Is 9719000971 a prime number?
True
Is 344483023 prime?
False
Is 26519240629 composite?
True
Is 15795449 a prime number?
False
Is 20343212077 prime?
False
Is 276426797 prime?
False
Is 34699905897 prime?
False
Is 17891023611 prime?
False
Is 27593952761 a prime number?
False
Is 2006453549 composite?
False
Is 43246505363 prime?
True
Is 58970759647 a prime number?
True
Is 162484937 a prime number?
True
Is 17271263441 composite?
True
Is 584724541 a prime number?
True
Is 2488312871 a composite number?
True
Is 555624053 composite?
False
Is 89423829265 prime?
False
Is 16589262979 a prime number?
False
Is 9559569749 a prime number?
True
Is 125530897 a prime number?
False
Is 7622940587 prime?
True
Is 1378112651 prime?
False
Is 3886627319 prime?
True
Is 1989185483 composite?
False
Is 3045276877 composite?
False
Is 14348331497 prime?
False
Is 58583176117 a composite number?
True
Is 51212443 a prime number?
False
Is 36983297069 a composite number?
False
Is 45753845483 a prime number?
False
Is 20375387195 a prime number?
False
Is 1498269991 prime?
True
Is 759093661 a prime number?
True
Is 22263620153 composite?
True
Is 100082123633 composite?
False
Is 3138564251 composite?
False
Is 19391459909 a prime number?
True
Is 39261922121 composite?
False
Is 1627884773 composite?
False
Is 5463939097 a prime number?
False
Is 7140404891 a prime number?
False
Is 475292621 a prime number?
True
Is 85766869387 prime?
False
Is 27827217443 composite?
False
Is 14768315909 prime?
False
Is 114386704199 composite?
False
Is 809340107 prime?
True
Is 57594175603 composite?
False
Is 3638807209 composite?
False
Is 7475546729 composite?
True
Is 4707127609 composite?
False
Is 9137237651 prime?
True
Is 45398870653 composite?
False
Is 196528342507 a prime number?
False
Is 50073848459 a composite number?
False
Is 260705753533 a composite number?
False
Is 295313393171 a composite number?
True
Is 30105389 a prime number?
True
Is 10651961833 a composite number?
False
Is 1692290027 a prime number?
True
Is 36279700319 composite?
False
Is 328568791 composite?
False
Is 14205147433 a prime number?
True
Is 456481703 a composite number?
False
Is 12611570617 prime?
False
Is 2623795003 a composite number?
False
Is 5629349129 prime?
True
Is 71656246187 composite?
True
Is 59854781359 prime?
True
Is 44513624905 a composite number?
True
Is 14473733563 a prime number?
False
Is 3153940417 composite?
False
Is 105309327413 a composite number?
False
Is 21402817 prime?
True
Is 1042733677 prime?
True
Is 32501214293 a composite number?
True
Is 4005396767 a prime number?
True
Is 622936057 composite?
True
Is 33845894441 prime?
True
Is 1550839 prime?
False
Is 6170288053 a composite number?
True
Is 886683659 a prime number?
False
Is 6389726639 composite?
False
Is 13635256709 a composite number?
True
Is 784518619 a composite number?
True
Is 80988963865 composite?
True
Is 526080613 a prime number?
False
Is 31547120281 prime?
False
Is 671677603 composite?
False
Is 13148504903 composite?
False
Is 166273165 composite?
True
Is 3370684589 a prime number?
True
Is 621432017 a prime number?
False
Is 27207709499 composite?
True
Is 97471638469 prime?
True
Is 83240566673 a composite number?
True
Is 858667739 prime?
False
Is 328151011 a composite number?
True
Is 2051193553 a composite number?
False
Is 9136390273 prime?
True
Is 2233256243 composite?
False
Is 57148597 prime?
False
Is 9971107 prime?
True
Is 191312029 a composite number?
False
Is 1245266571 composite?
True
Is 12756911241 a prime number?
False
Is 190566431063 a prime number?
False
Is 29976998237 a composite number?
False
Is 69075474329 a prime number?
True
Is 30578531 composite?
True
Is 1689392891 a composite number?
False
Is 300726531683 prime?
True
Is 154226862319 a prime number?
False
Is 1122623497 a composite number?
True
Is 3469252727 prime?
True
Is 90232709533 a composite number?
True
Is 113962867 prime?
True
Is 23252641561 prime?
False
Is 9700657091 a composite number?
False
Is 8650393571 a composite number?
False
Is 13615381681 composite?
True
Is 19442543737 prime?
True
Is 52280219543 prime?
False
Is 